is the units digit of s?
9
Let k(r) = 6*r**2 + 27*r - 452. What is the thousands digit of k(-44)?
9
Let f = -105 + 107. Suppose 0 = -4*p + 2*c + 3*c + 1047, -f*c - 1050 = -4*p. Suppose 2*w = w + p. What is the units digit of w?
3
Let q be 6/(-162)*-6 - (-266)/18. Let i = -1 + q. What is the units digit of 4/i + 1*3044/28?
9
Suppose 6*k - 29523 - 34576 = -k. What is the tens digit of k?
5
Let l be -1*-1*(137 - -2). Let u(r) = r**2 - 36*r - 634. Let a be u(-12). Let p = l + a. What is the units digit of p?
1
Let n be 2/(-7) + (-2470)/(-266). Suppose -56*y = -n*y - 58609. What is the tens digit of y?
4
What is the thousands digit of 4130 + ((-42)/(-4))/(48/(-32))?
4
Let b(m) be the third derivative of -m**6/120 - m**5/12 - 13*m**4/24 - 29*m**3/6 + m**2 + 6. What is the tens digit of b(-9)?
1
Suppose 0 = 3*l + 2*v - 15698, 4*l + 15*v = 12*v + 20929. What is the thousands digit of l?
5
Let t(s) be the third derivative of -s**6/120 - s**5/15 - 5*s**4/6 - 7*s**3/3 + 39*s**2 + 2. What is the hundreds digit of t(-6)?
1
Let n = -168 - -95. Let b = 19 - n. Suppose 0 = -b*q + 97*q - 900. What is the hundreds digit of q?
1
Suppose 2251*r = 2264*r - 501670. What is the units digit of r?
0
Suppose 29*c + 312892 - 833055 = 179984. What is the tens digit of c?
4
Suppose -9*v = 5*v - 252. What is the tens digit of ((-6)/v)/(1 + 2276/(-2274))?
7
Let k be 0 + -1 - (-96)/24. Suppose -g + 273 = -k*h, -3*g - 2*g = 5*h - 1325. What is the hundreds digit of g?
2
Let g be ((-6)/(-24))/(1/(-12)). Let r be (g + -3)*(-2 + 35/(-6)). Suppose n + r = 2*h - 298, 0 = 3*n + 3. What is the units digit of h?
2
Let r(g) = -g**3 + 13*g**2 - 16*g - 6. Let z be r(12). Let n be -13*1*z/(4 + 2). What is the tens digit of (3/(-2))/(n/(-58) + 2)?
8
Suppose 5*j + 16 = l - 4*l, -3*j = -4*l - 2. Let q be 592*6/12*j. Let y = 897 + q. What is the tens digit of y?
0
Let a = -14326 - -19581. What is the hundreds digit of a?
2
Let r(g) = 149*g**3 + 4*g**2 - 6*g - 8. What is the units digit of r(4)?
8
Let t be 0/(1 - 0 - 0). Suppose 0 = -2*k + 3*r - 48, t*r - 89 = 3*k + 4*r. What is the units digit of (k/5)/((-5)/75)?
1
Suppose 875 = -4*l - 41. Let d(g) = -g**3 + 9*g**2 + g + 4. Let k be d(10). What is the units digit of (l/(-2) + -1)/((-43)/k)?
7
Suppose 382*p - 381*p = -128. Suppose -5*z - 5*t - 405 = 0, -t = 2*z + z + 245. Let r = z - p. What is the tens digit of r?
4
Let m(g) = -4*g - g + 4*g + 2*g + 1. Let s(n) = 5*n**2 - n - 1. Let c(q) = 3*m(q) + s(q). What is the units digit of c(-3)?
1
Let q = 90 - 88. Suppose 4*s - 593 = -l - q*l, -4*l - 2*s = -794. Suppose 104*r - 103*r - l = 0. What is the hundreds digit of r?
1
What is the units digit of 2 - 45204/(-21) - (120/14 - 9)?
5
Let j(x) = -x**2 - 9*x - 8. Let f be j(-4). Let v(a) = -9*a + a + a - a + f. What is the units digit of v(-5)?
2
What is the hundreds digit of 10 - 1 - (27/((-108)/(-56)) - 75905)?
9
Let u(j) = -8*j + 2. Let o be u(1). Let n(z) = -z**3 - 8*z**2 - 30*z + 7. What is the units digit of n(o)?
5
Let r(y) = 19 - 8273*y - 4*y**2 + 4006*y + 4135*y - 2*y**2. What is the tens digit of r(-17)?
2
Suppose 3*x + 30 = 2*f - x, -60 = -4*f + x. Let r(a) = -8*a - 14. Let h(o) = 7*o + 14. Let j(k) = 7*h(k) + 6*r(k). What is the tens digit of j(f)?
2
Let q(n) = n**2 + 6*n - 10. Let t be (2 - (-60)/2)/2. Let l be q(t). Suppose -2*u - 2*o = 120 - l, 4*o = 3*u - 354. What is the hundreds digit of u?
1
Let g(v) = -11 - 14 - 4*v + 7 + 20 - 25*v. Suppose -2*r = 2*b + 6, -r - 3 = b - 4*r. What is the units digit of g(b)?
9
Let f(m) = -m**3 - m + 331. Let l = 229 - 229. What is the units digit of f(l)?
1
Suppose -5*v = 2*b - 521, 5*b - 313 - 114 = -4*v. What is the tens digit of v?
0
Let i = -89 + 105. Suppose 14*b - i*b + 10 = 0. Suppose -242 = -z + b*x, -504 = -3*z + 5*x + 222. What is the tens digit of z?
4
Let f be 904/(-10) + (-1)/((-25)/10). Let q = 37 + f. Let s = q - -76. What is the units digit of s?
3
Let x = 87 - -517. Suppose 4*w - 3*w - 580 = 4*m, -w - 4*m + x = 0. What is the units digit of w?
2
What is the tens digit of 1498628/530 - (-2 - 8/(-5))?
2
Let l(n) = n**2 + 9*n + 8. Let v = -72 + 64. Let z be l(v). Suppose z = 8*x - 313 - 231. What is the tens digit of x?
6
Suppose 0 = -48*o + 95 + 49. Suppose 3*y - 2*q + 1575 = 8*y, -315 = -y - o*q. What is the tens digit of y?
1
Let d(j) = j**3 + 5*j**2 - 16*j - 2. Let m be d(-7). Let t(z) = -8 - 2 - 10*z - z**2 - m*z. What is the units digit of t(-7)?
5
Let d = -167 - -1193. Suppose 0 = -5*k + 4*x + 2082, 4*k - d = 5*x + 636. What is the units digit of k?
8
Let s = 684 + -682. Let j = 1 + -1. Suppose s*b = -j*b + 72. What is the units digit of b?
6
Let d = -7364 + 14433. What is the units digit of d?
9
What is the hundreds digit of -2978*14/112*-20?
4
What is the hundreds digit of 8 + -1 - (-50)/(-20)*-2000?
0
Suppose 2*a + 168 = 4*a. Suppose 2*x - 4*r = 238, -244 = -3*x + x + r. Suppose a = -3*z + x. What is the tens digit of z?
1
Let y = 1495 - 1036. Let q = y + -102. Suppose -o = -2*z - 161, -5*z + 235 = 4*o - q. What is the tens digit of o?
5
Let b be 55/(-22) + 86*178/8. Suppose 14*p = 1589 + b. What is the units digit of p?
0
Let a(k) = 12*k**2 - 34*k + 106. What is the hundreds digit of a(12)?
4
Let w(c) = -c**3 - 3*c**2 + 6*c + 12. Let f be w(-4). What is the tens digit of (-175)/(-1)*f/4?
7
Let p(g) be the third derivative of -g**6/60 + 16*g**5/15 - g**4/2 + 8*g**3/3 + 7*g**2 + 2. What is the hundreds digit of p(31)?
5
Let t = -15212 - -21432. What is the hundreds digit of t?
2
Let u = -77 + -178. Let m = u + 645. What is the units digit of m?
0
Suppose -2*y - 3*y = 4*b - 191, -3*y + b + 101 = 0. Suppose -3*t + 941 = 1022. Let g = y + t. What is the units digit of g?
8
Let n = 2 + 2. Suppose -2*p = -f, f - n = -f + 2*p. What is the tens digit of (f/(-2))/(2/(-15))?
1
What is the thousands digit of -1 - -7 - (-53809)/((-35)/(-5))?
7
Let b be (-78)/(-13) + 11*2. Suppose 0 = -b*g + 8*g + 7920. What is the units digit of g?
6
Suppose 3*k - k + c = -6, 3*k + 4*c + 19 = 0. Let y be (k + -2)/((-6)/352). Let r = -93 + y. What is the tens digit of r?
8
Let v(b) = 9*b + 9. Let m be v(1). Suppose -17784 = -m*j + 13680. What is the tens digit of j?
4
Suppose 0 = 372*j - 373*j + 759. What is the tens digit of (39/2)/((j/308)/23)?
8
Let d = 77 + -74. Suppose 0 = d*z + 6*z - 18. Suppose v - 2*v - 5*t = -154, -z*v = t - 317. What is the tens digit of v?
5
Let y be 2/(-10) + 0 + 8424/20. Let j = y - 251. What is the units digit of j?
0
What is the hundreds digit of 3*(12/(-3) + 6) + 465 - -5?
4
Suppose -49097 = -29*y + 69948. What is the thousands digit of y?
4
Let t(f) = 367 + 238*f + f**3 + 232*f - 34 - 469*f - f**2. What is the hundreds digit of t(0)?
3
Let x = 1162 + -331. Let h = -393 + x. What is the units digit of h?
8
What is the units digit of (-6 + 14/4*-173)*-20?
0
Suppose -291923 - 104859 = -88*i + 50874. What is the thousands digit of i?
5
Let s(l) be the first derivative of -2*l + 1/3*l**3 + 7 + 4*l**2. What is the tens digit of s(3)?
3
Suppose -4*g + 3*k = 2260, 0 = -g - k + 2*k - 564. Let i = -305 - g. What is the hundreds digit of i?
2
Let d = 12995 + -3973. What is the thousands digit of d?
9
Suppose 4*d + 3*q = 5*d - 7778, 3*q = 6. What is the units digit of ((-3)/(-2))/(15589/d - 2)?
6
Suppose 3*n = p - 50, -23 = -p - 2*n + 47. What is the tens digit of (p/(-4))/(16/(-224))?
1
Suppose -8*w + 189 = 5. Let a = 17 - w. What is the tens digit of -1 - ((-9)/(-27) + 320/a)?
5
Suppose 5*q + 5*u - 41945 = 0, q - 4*u = -q + 16766. What is the units digit of q?
7
Let l = -1786 + 2881. Suppose -10*n + l = -115. What is the hundreds digit of n?
1
Let b = 36616 + -25563. What is the thousands digit of b?
1
Let o(i) = 108*i + 33. Let t = -178 + 183. What is the units digit of o(t)?
3
Let i be (-88)/(-10)*20/8. Let b = i + -28. What is the units digit of (-7 + 1)/2*226/b?
3
Let n = 10079 - -26223. What is the units digit of n?
2
Let j(y) = -16*y + y**3 - 4*y + 6 + 18*y**2 - 21. Let w be j(-19). Suppose 2*d - 311 = 5*x, w*d - 633 = 2*x - 3*x. What is the units digit of d?
8
Let i(h) = 112*h**3 - h**2 + 1. Suppose -4*x = -10 + 6. Suppose 4 = 5*g + 3*z - 1, g - 3*z - x = 0. What is the tens digit of i(g)?
1
Suppose 2*u = -0*f - 3*f + 43850, -5*f - 5*u = -73075. Suppose -f = 6*j - 40*